hat is the units digit of m?
7
Let z(v) = 7*v - 26. Suppose k - 45 = -5*u, 2*u - 4*k + 1 = -3. Let a be z(u). Let y = a + 17. What is the tens digit of y?
4
Suppose 1 = -n, -2*o - 5*n + 3*n = -398. Let f = 48 + o. What is the tens digit of f?
4
What is the units digit of ((-38392)/(-44))/(2/22)?
8
Suppose 31*z - 5*g - 16335 = 26*z, 0 = 4*g + 16. What is the thousands digit of z?
3
What is the hundreds digit of ((0 - 4) + 2)/(-3 - 94110/(-31371))?
9
Suppose 7*t - 8*t + 9775 = -11152. What is the thousands digit of t?
0
Let t(q) be the third derivative of 2/3*q**3 + 0 + 0*q + 1/8*q**4 + 3/4*q**5 + 23*q**2. What is the hundreds digit of t(-2)?
1
Suppose -6*u + 45 - 15 = 0. Let q be -139 + u/(-10)*2. What is the tens digit of ((-84)/10)/(42/q)?
2
What is the ten thousands digit of ((-396)/21)/(-19 - 213324/(-11228))?
2
Let l be (210/8)/((-2)/((-8)/1)). Suppose -l*u - 1035 = -108*u. Suppose -3*j + u = -5*i, -118 = -4*j + 2*i + 342. What is the tens digit of j?
1
Let z(s) = -26*s + 64. Let u(g) = 324 - 65*g - 41*g - 68. Let c(f) = 2*u(f) - 9*z(f). What is the hundreds digit of c(16)?
2
Let j(x) = -x**3 + 105*x**2 + 153*x - 371. What is the hundreds digit of j(103)?
6
Suppose -4374064 - 7798806 = -430*d. What is the thousands digit of d?
8
Suppose 4*w - 12 = 4. Suppose w*x + u + u = 8, 4 = -u. Suppose -2*z = -x*l - 166, -2*z - l + 174 = 3*l. What is the tens digit of z?
8
Suppose 6*i - 38 - 52 = 0. Suppose -79 = -i*u + 11. What is the units digit of u?
6
Suppose -32*l + 28*l + 9 = -c, -4*c = -3*l + 23. What is the tens digit of ((-22)/(-6))/(c/(-900))?
6
Let l(o) = -26*o - 16. Let p be l(-1). What is the hundreds digit of (-144)/(14/(-10) - p/(-10))?
3
Let x(j) be the first derivative of 2*j**2 + 18*j + 22. What is the tens digit of x(22)?
0
Let r be (-12)/(-11) + 2457/1287. Let k(s) be the first derivative of 16*s**3/3 - s**2/2 - 6*s + 2. What is the units digit of k(r)?
5
Let r(k) = 182*k - 726*k + 18 - 6 - 14. Let s be r(-2). What is the tens digit of (-10)/25 + s/15?
7
Let o(h) = 600*h**2 + 6*h + 1. What is the tens digit of o(-1)?
9
Suppose 12049 = 3*w - 4*u + 3*u, 2*w - 8050 = 5*u. Suppose w = 12*v - 7*v. What is the units digit of v?
3
Let w(x) = x**3 + 106. Let s = 1 - -15. Suppose 19*j = s*j. What is the tens digit of w(j)?
0
Let g be (6 - -96)/(-1)*-14. Suppose 5*m - g = 87. What is the tens digit of m?
0
Suppose c - r = 14, -3*r + 8 = -r. Suppose c*x + 1809 = 21*x. What is the units digit of x?
3
Let p(y) = y**2 + 9*y - 7. Let k be p(-10). Let f be (765/18)/(1/8) - k. Let u = f + -152. What is the hundreds digit of u?
1
Let m = 14890 - 3797. What is the tens digit of m?
9
Let g(k) = -18*k - 1. Let n(h) be the third derivative of h**3/6 - 20*h**2. Let p(x) = g(x) - n(x). What is the hundreds digit of p(-9)?
1
Let d = -469 - -15969. What is the tens digit of d?
0
Suppose -2*k - 2*w = -6 - 6, -1 = -w. Suppose -3*o = -2*t - 582, -4*o + k*t = 4*t - 776. What is the tens digit of o?
9
Suppose 4*d = m + 18537, 508*d - 2*m = 505*d + 13904. What is the units digit of d?
4
Let q = 14 - 9. Suppose q*f = -4*w + 1487, f = -w - 3*f + 380. What is the hundreds digit of w?
3
Suppose 233*m = 212*m + 120393. What is the thousands digit of m?
5
Suppose 8*i = 3*g + 3*i + 3578, -5*g + 4*i - 5959 = 0. Let d = -542 - g. What is the hundreds digit of d?
6
Let p = 340 + 3755. What is the hundreds digit of p?
0
Let l(x) = -x - 3. Let y be l(2). What is the units digit of y/((1/(-2))/(6 + 47))?
0
Let b(q) = -18957*q**3 + 4*q**2 - 15*q - 18. What is the ten thousands digit of b(-1)?
1
Let p = 6940 - 3940. Suppose -4*b - 1343 = -2*t - 4361, 0 = -4*b - 4*t + p. What is the tens digit of b?
5
What is the thousands digit of 8695 + (-8 - -10 - (12 - 5))?
8
Suppose -273525 - 2370109 = -60*b - 467854. What is the hundreds digit of b?
2
Let s(j) be the first derivative of j**4/4 + 7*j**3/3 + 5*j**2 - 96*j + 40. What is the units digit of s(6)?
2
Let c = 139 + -137. Suppose 4*r = -c*u - 0 + 4, r = 4*u - 8. Suppose -8*w + u*w = -36. What is the units digit of w?
6
Let s be (6/(-2))/(9/(-39)). Suppose -5761 = -s*p - 1445. What is the tens digit of p?
3
Let g(w) = w**3 - 4*w**2 + 11*w + 9. Let x(r) = -r**3 + 4*r**2 - 11*r - 8. Let s(b) = -4*g(b) - 5*x(b). What is the units digit of s(5)?
4
What is the thousands digit of (504/(-420))/((-10434)/10430 - -1)?
3
Suppose -112 = 5*q + 8. What is the tens digit of (-364)/q - 9/54?
1
Suppose -4*g + g = -0*g. Suppose g = 6*k + 2*k - 32. Suppose -8 = -0*x + k*x, -5*x = s - 35. What is the units digit of s?
5
Suppose -2*x - 5*h = -4983, 2*x + 4*h - 3861 = 1119. Suppose 0 = -14*w + 5*w + x. What is the units digit of w?
6
Let v be 4 - (-2 - (-2 + -3)) - 1. Suppose v = 30*q - 4*q - 31122. What is the tens digit of q?
9
Let i(h) = -h**3 + 77*h**2 + 143*h + 70. What is the ten thousands digit of i(77)?
1
Suppose -12 = -2*u + q, -5*q - 15 = -26*u + 25*u. Suppose s + 5*d - 9*d = 1385, u*s - 3*d = 6857. What is the hundreds digit of s?
3
Let n be 2 - (4 + -6)*2. Suppose 0 = n*d - 1535 - 571. What is the hundreds digit of d?
3
Let h(z) = 85*z**2 - 46*z**2 - z**3 + 5*z - 42*z**2 + 23. What is the units digit of h(-3)?
8
Suppose 117*a - 120*a + 13857 = 0. What is the hundreds digit of a?
6
Suppose -434*j + 429*j + 18928 = a, -7 = a. What is the tens digit of j?
8
Suppose 3*r - 6*n + 32 = -n, -n + 4 = 0. Let z(b) = b + 10. Let q be z(r). Suppose q*c + 266 = 7*c. What is the tens digit of c?
6
Suppose 3*l + 3 = -0*l. Let o = l + 6. Suppose 0*r - o*r + 310 = 0. What is the units digit of r?
2
Let o = -99 - -269. Let i = 18 + -13. Suppose 0 = i*w - 10*w + o. What is the tens digit of w?
3
Let s(r) be the second derivative of -5/3*r**3 - 1/20*r**5 + 9*r + 0 + 17/12*r**4 - 3/2*r**2. What is the tens digit of s(16)?
9
Suppose -3*p = -d + 6, -3*d = -13*p + 15*p + 4. Suppose d*t + 4*t = 4*g + 3780, 5*g - 3744 = -4*t. What is the units digit of t?
1
Let l = 141 + -136. Suppose 475 = u + 2*h, l*h = 9 + 11. What is the hundreds digit of u?
4
Suppose -72*x - 111867 = -573819. What is the hundreds digit of x?
4
What is the units digit of 20229/3 - (31 + -45)?
7
Let n(f) = -4*f + 7. Let m be n(-3). Let s = -17 + m. Suppose -3*h = 9 - 24, 77 = s*p - 5*h. What is the units digit of p?
1
Let i = -281 - -285. Let c(p) = 2*p**2 + 13*p - 4. Let t(x) = -3*x**2 - 19*x + 6. Let g(s) = -7*c(s) - 5*t(s). What is the units digit of g(i)?
0
Let p(c) = -51*c - 244. Let a be 368/(-12) + 68/(-51). What is the hundreds digit of p(a)?
3
Suppose -100*s - 6 = -106*s. What is the hundreds digit of 8850/10 - (-3)/s?
8
Let b be 8/(-28) + ((-40)/28)/(-5). Suppose b = -6*z + z + 25. Suppose 0 = -k - 2*d + 149, z*k + 0*d - 693 = 3*d. What is the hundreds digit of k?
1
Let u = 332 - -1516. What is the units digit of u?
8
Suppose 4*h = 5*c - 23138, -5*c - 5*h + 2*h = -23124. What is the hundreds digit of c?
6
What is the tens digit of (-428 - -167)*(-128)/6?
6
Suppose -2*c + 3*c - 33513 = -3*w, -11171 = -w - 2*c. What is the hundreds digit of w?
1
Let j be (-10)/(-15)*9/2. Suppose 1 = j*l - 5. What is the tens digit of (-138)/(-1)*(-1)/(-3)*l?
9
Suppose 0 = -4*u - 2*f + 6646, -3*u + 4*f + 7763 = 2795. Suppose -3*z - 2*w = -892 - 124, -5*z + u = -5*w. What is the hundreds digit of z?
3
Let k = 2397 - 739. Suppose n - b = 415, -k = n - 5*n + 3*b. What is the hundreds digit of n?
4
Suppose r - 6 = -3*q, -3*q + 0*q + 6 = -r. Suppose -x + 3*b - 389 = -q*x, -3*x - b = -1151. What is the hundreds digit of x?
3
Suppose -7*b + 5 = -23. Suppose b*z - 1359 - 385 = 4*j, 3*j = z - 436. What is the tens digit of z?
3
Suppose -3*o - 5*t = -t - 5362, o = -5*t + 1769. Suppose -2*w - w = -o. What is the hundreds digit of w?
5
Let t = -1758 + 3269. Suppose -t = -3*a + 4*q + 94, 3*q = -3*a + 1626. What is the hundreds digit of a?
5
Let r = -2725 - -4125. Suppose 4*t = 8*t + 5*d - r, -2*t = 5*d - 710. What is the units digit of t?
5
Suppose 394*o = 365*o + 156687. What is the units digit of o?
3
What is the tens digit of ((-630)/165)/21 - 464908/(-22)?
3
Let j be 290511/17 + 112/952. Suppose 5182 - j = -7*t. What is the units digit of t?
1
Suppose 0 = 2*i + 2*b - 10, 4*i - 3*b - 24 - 3 = 0. Suppose i*m - 3583 + 1225 = 0. What is the hundreds digit of m?
3
Suppose -5861 = -3*g - 1448. Suppose 769 = 7*a - g. W